ommon factor of 1233 and 18?
9
Calculate the greatest common divisor of 1166 and 212.
106
What is the highest common divisor of 29 and 609?
29
Calculate the greatest common factor of 6552 and 2106.
234
Calculate the highest common factor of 1298 and 295.
59
Calculate the greatest common factor of 1665 and 225.
45
Calculate the greatest common factor of 22 and 1793.
11
Calculate the greatest common factor of 216 and 1134.
54
What is the highest common divisor of 442 and 130?
26
Calculate the highest common divisor of 1666 and 147.
49
Calculate the highest common divisor of 1365 and 240.
15
Calculate the highest common factor of 10 and 55.
5
Calculate the greatest common factor of 12 and 16572.
12
What is the greatest common factor of 20 and 1660?
20
What is the highest common factor of 2701 and 111?
37
Calculate the greatest common divisor of 32 and 176.
16
What is the greatest common divisor of 125 and 50?
25
What is the highest common divisor of 5124 and 168?
84
What is the greatest common factor of 3549 and 39?
39
Calculate the greatest common factor of 40729 and 241.
241
What is the highest common divisor of 14 and 112?
14
Calculate the greatest common factor of 658 and 423.
47
Calculate the highest common divisor of 21 and 567.
21
Calculate the highest common divisor of 15 and 255.
15
Calculate the highest common divisor of 2295 and 34.
17
What is the highest common divisor of 2 and 158?
2
What is the highest common divisor of 10 and 4405?
5
What is the greatest common factor of 4 and 356?
4
What is the highest common factor of 1002 and 9?
3
What is the highest common factor of 376 and 282?
94
Calculate the highest common divisor of 901 and 136.
17
What is the greatest common factor of 1890 and 140?
70
What is the highest common divisor of 117 and 5421?
39
Calculate the highest common divisor of 1700 and 578.
34
Calculate the greatest common divisor of 494 and 78.
26
Calculate the greatest common divisor of 52 and 4316.
52
Calculate the highest common divisor of 207 and 276.
69
Calculate the highest common divisor of 946 and 352.
22
What is the greatest common factor of 460 and 69?
23
Calculate the greatest common divisor of 3763 and 1007.
53
Calculate the greatest common factor of 7 and 4207.
7
What is the highest common factor of 6 and 1053?
3
What is the highest common factor of 120 and 90?
30
Calculate the greatest common factor of 16 and 52.
4
Calculate the greatest common divisor of 752 and 423.
47
What is the greatest common factor of 45 and 735?
15
Calculate the greatest common factor of 648 and 1152.
72
Calculate the highest common divisor of 9 and 51.
3
What is the highest common factor of 154 and 396?
22
Calculate the greatest common factor of 24 and 96.
24
Calculate the highest common factor of 28 and 350.
14
What is the highest common factor of 40 and 30?
10
What is the greatest common divisor of 27 and 36?
9
What is the highest common factor of 72 and 1152?
72
Calculate the highest common factor of 491 and 4.
1
What is the greatest common factor of 16 and 198?
2
What is the greatest common divisor of 24 and 136?
8
What is the highest common divisor of 4 and 2154?
2
What is the highest common divisor of 330 and 2409?
33
What is the highest common divisor of 460 and 4968?
92
Calculate the highest common divisor of 77 and 55.
11
Calculate the highest common factor of 777 and 21.
21
What is the highest common factor of 660 and 35?
5
Calculate the greatest common divisor of 86062 and 74.
74
What is the highest common divisor of 13579 and 37?
37
Calculate the greatest common factor of 8112 and 48.
48
Calculate the greatest common factor of 1278 and 5254.
142
Calculate the greatest common factor of 6015 and 195.
15
Calculate the greatest common divisor of 148 and 188.
4
What is the greatest common divisor of 27641 and 633?
211
What is the highest common factor of 480 and 30?
30
Calculate the highest common factor of 1808 and 12.
4
Calculate the greatest common divisor of 75 and 25.
25
Calculate the highest common factor of 61 and 488.
61
Calculate the highest common factor of 46 and 1472.
46
What is the highest common divisor of 8242 and 52?
26
What is the highest common factor of 78 and 2457?
39
Calculate the greatest common divisor of 2745 and 45.
45
Calculate the greatest common factor of 91 and 13949.
13
What is the highest common divisor of 20 and 130?
10
Calculate the highest common divisor of 581 and 830.
83
Calculate the greatest common divisor of 166 and 6142.
166
Calculate the greatest common divisor of 294 and 126.
42
What is the highest common divisor of 19 and 4104?
19
Calculate the greatest common divisor of 47 and 4.
1
Calculate the greatest common factor of 189 and 11529.
189
Calculate the highest common divisor of 26 and 962.
26
What is the highest common divisor of 680 and 30?
10
What is the highest common divisor of 19 and 4?
1
Calculate the greatest common divisor of 132 and 11.
11
What is the highest common factor of 221 and 26?
13
What is the greatest common factor of 8 and 6?
2
Calculate the highest common divisor of 73 and 73.
73
What is the highest common divisor of 70 and 2240?
70
Calculate the highest common divisor of 354 and 42.
6
Calculate the highest common factor of 3036 and 33.
33
Calculate the highest common divisor of 300 and 825.
75
What is the highest common factor of 55 and 1056?
11
What is the highest common divisor of 138 and 368?
46
Calculate the greatest common divisor of 114 and 1976.
38
What is the highest common divisor of 799 and 235?
47
Calculate the greatest common factor of 33 and 4455.
33
Calculate the greatest common factor of 427 and 21.
7
Calculate the greatest common divisor of 715 and 195.
65
What is the highest common factor of 1058 and 92?
46
What is the highest common factor of 1829 and 310?
31
What is the greatest common factor of 15785 and 1155?
385
What is the highest common divisor of 68 and 748?
68
Calculate the greatest common divisor of 806 and 155.
31
Calculate the highest common divisor of 1704 and 24.
24
What is the greatest common factor of 1 and 271?
1
Calculate the greatest common factor of 32 and 864.
32
Calculate the greatest common divisor of 4120 and 40.
40
Calculate the highest common factor of 180 and 780.
60
Calculate the greatest common divisor of 11265 and 15.
15
Calculate the highest common factor of 23 and 736.
23
Calculate the highest common factor of 2449 and 31.
31
What is the greatest common divisor of 351 and 3159?
351
What is the highest common factor of 3 and 9207?
3
What is the highest common factor of 2328 and 160?
8
What is the highest common factor of 10001 and 137?
137
What is the greatest common divisor of 904 and 8?
8
Calculate the highest common factor of 611 and 312.
13
What is the greatest common factor of 2750 and 880?
110
Calculate the greatest common divisor of 36 and 522.
18
Calculate the greatest common divisor of 64 and 304.
16
Calculate the highest common divisor of 88 and 8536.
88
Calculate the highest common factor of 55 and 220.
55
Calculate the greatest common divisor of 55 and 15.
5
What is the highest common factor of 435 and 2001?
87
Calculate the greatest common divisor of 12994 and 356.
178
Calculate the greatest common divisor of 1 and 9.
1
Calculate the highest common divisor of 2350 and 376.
94
Calculate the highest common divisor of 37 and 3811.
37
Calculate the greatest common divisor of 66 and 2838.
66
What is the greatest common factor of 91 and 3731?
91
Calculate the greatest common divisor of 228 and 36.
12
What is the greatest common factor of 520 and 455?
65
Calculate the greatest common factor of 344 and 44.
4
What is the greatest common divisor of 4 and 1288?
4
What is the highest common divisor of 1670 and 20?
10
What is the greatest common divisor of 1734 and 1836?
102
What is the highest common factor of 4352 and 1024?
256
What is the highest common factor of 77 and 176?
11
What is the greatest common factor of 36 and 99?
9
Calculate the highest common factor of 85 and 119.
17
What is the highest common factor of 24 and 8?
8
Calculate the greatest common divisor of 9180 and 90.
90
Calculate the greatest common divisor of 6 and 192.
6
Calculate the greatest common factor of 8645 and 91.
91
Calculate 